[INFO] cloning repository https://github.com/Robin-rr/Rust_homeexam
[INFO] running `Command { std: "git" "-c" "credential.helper=" "-c" "credential.helper=/workspace/cargo-home/bin/git-credential-null" "clone" "--bare" "https://github.com/Robin-rr/Rust_homeexam" "/workspace/cache/git-repos/https%3A%2F%2Fgithub.com%2FRobin-rr%2FRust_homeexam", kill_on_drop: false }`
[INFO] [stderr] Cloning into bare repository '/workspace/cache/git-repos/https%3A%2F%2Fgithub.com%2FRobin-rr%2FRust_homeexam'...
[INFO] running `Command { std: "git" "rev-parse" "HEAD", kill_on_drop: false }`
[INFO] [stdout] 22e6533a58c52a4d65b1f4ec136d1f454414211a
[INFO] checking Robin-rr/Rust_homeexam against master#9610dfe5a9a731ced1ea4923ecbd0c57fe367898 for beta-170-4
[INFO] running `Command { std: "git" "clone" "/workspace/cache/git-repos/https%3A%2F%2Fgithub.com%2FRobin-rr%2FRust_homeexam" "/workspace/builds/worker-2-tc1/source", kill_on_drop: false }`
[INFO] [stderr] Cloning into '/workspace/builds/worker-2-tc1/source'...
[INFO] [stderr] done.
[INFO] validating manifest of git repo https://github.com/Robin-rr/Rust_homeexam on toolchain 9610dfe5a9a731ced1ea4923ecbd0c57fe367898
[INFO] running `Command { std: CARGO_HOME="/workspace/cargo-home" RUSTUP_HOME="/workspace/rustup-home" "/workspace/cargo-home/bin/cargo" "+9610dfe5a9a731ced1ea4923ecbd0c57fe367898" "metadata" "--manifest-path" "Cargo.toml" "--no-deps", kill_on_drop: false }`
[INFO] removed /workspace/builds/worker-2-tc1/source/.cargo/config
[INFO] started tweaking git repo https://github.com/Robin-rr/Rust_homeexam
[INFO] finished tweaking git repo https://github.com/Robin-rr/Rust_homeexam
[INFO] tweaked toml for git repo https://github.com/Robin-rr/Rust_homeexam written to /workspace/builds/worker-2-tc1/source/Cargo.toml
[INFO] crate git repo https://github.com/Robin-rr/Rust_homeexam already has a lockfile, it will not be regenerated
[INFO] running `Command { std: CARGO_HOME="/workspace/cargo-home" RUSTUP_HOME="/workspace/rustup-home" "/workspace/cargo-home/bin/cargo" "+9610dfe5a9a731ced1ea4923ecbd0c57fe367898" "fetch" "--manifest-path" "Cargo.toml", kill_on_drop: false }`
[INFO] running `Command { std: "docker" "create" "-v" "/var/lib/crater-agent-workspace/builds/worker-2-tc1/target:/opt/rustwide/target:rw,Z" "-v" "/var/lib/crater-agent-workspace/builds/worker-2-tc1/source:/opt/rustwide/workdir:ro,Z" "-v" "/var/lib/crater-agent-workspace/cargo-home:/opt/rustwide/cargo-home:ro,Z" "-v" "/var/lib/crater-agent-workspace/rustup-home:/opt/rustwide/rustup-home:ro,Z" "-e" "SOURCE_DIR=/opt/rustwide/workdir" "-e" "CARGO_TARGET_DIR=/opt/rustwide/target" "-e" "CARGO_HOME=/opt/rustwide/cargo-home" "-e" "RUSTUP_HOME=/opt/rustwide/rustup-home" "-w" "/opt/rustwide/workdir" "-m" "1610612736" "--user" "0:0" "--network" "none" "ghcr.io/rust-lang/crates-build-env/linux@sha256:19e73879b68f455e41552ea35293514db52ea292d993f571636dbffedb77a1ee" "/opt/rustwide/cargo-home/bin/cargo" "+9610dfe5a9a731ced1ea4923ecbd0c57fe367898" "metadata" "--no-deps" "--format-version=1", kill_on_drop: false }`
[INFO] [stdout] 5f80121f74bda9ffead40658514d2489ab9de61770185927613cbab1a7307698
[INFO] running `Command { std: "docker" "start" "-a" "5f80121f74bda9ffead40658514d2489ab9de61770185927613cbab1a7307698", kill_on_drop: false }`
[INFO] running `Command { std: "docker" "inspect" "5f80121f74bda9ffead40658514d2489ab9de61770185927613cbab1a7307698", kill_on_drop: false }`
[INFO] running `Command { std: "docker" "rm" "-f" "5f80121f74bda9ffead40658514d2489ab9de61770185927613cbab1a7307698", kill_on_drop: false }`
[INFO] [stdout] 5f80121f74bda9ffead40658514d2489ab9de61770185927613cbab1a7307698
[INFO] running `Command { std: "docker" "create" "-v" "/var/lib/crater-agent-workspace/builds/worker-2-tc1/target:/opt/rustwide/target:rw,Z" "-v" "/var/lib/crater-agent-workspace/builds/worker-2-tc1/source:/opt/rustwide/workdir:ro,Z" "-v" "/var/lib/crater-agent-workspace/cargo-home:/opt/rustwide/cargo-home:ro,Z" "-v" "/var/lib/crater-agent-workspace/rustup-home:/opt/rustwide/rustup-home:ro,Z" "-e" "SOURCE_DIR=/opt/rustwide/workdir" "-e" "CARGO_TARGET_DIR=/opt/rustwide/target" "-e" "CARGO_INCREMENTAL=0" "-e" "RUST_BACKTRACE=full" "-e" "RUSTFLAGS=--cap-lints=forbid" "-e" "RUSTDOCFLAGS=--cap-lints=forbid" "-e" "CARGO_HOME=/opt/rustwide/cargo-home" "-e" "RUSTUP_HOME=/opt/rustwide/rustup-home" "-w" "/opt/rustwide/workdir" "-m" "1610612736" "--user" "0:0" "--network" "none" "ghcr.io/rust-lang/crates-build-env/linux@sha256:19e73879b68f455e41552ea35293514db52ea292d993f571636dbffedb77a1ee" "/opt/rustwide/cargo-home/bin/cargo" "+9610dfe5a9a731ced1ea4923ecbd0c57fe367898" "check" "--frozen" "--all" "--all-targets" "--message-format=json", kill_on_drop: false }`
[INFO] [stdout] 581aca489b53785907f5ca04044d672e90c8fb1c6568d414d68c106d4a6f678c
[INFO] running `Command { std: "docker" "start" "-a" "581aca489b53785907f5ca04044d672e90c8fb1c6568d414d68c106d4a6f678c", kill_on_drop: false }`
[INFO] [stderr]    Compiling memchr v2.3.0
[INFO] [stderr]     Checking cty v0.1.5
[INFO] [stderr]    Compiling klee-examples v0.1.0 (/opt/rustwide/workdir)
[INFO] [stderr]     Checking vcell v0.1.2 (https://github.com/perlindgren/vcell.git?branch=trustit#4eb44a01)
[INFO] [stderr]     Checking panic-klee v0.1.0 (https://gitlab.henriktjader.com/pln/panic-klee.git#3b0c897f)
[INFO] [stderr]     Checking panic-halt v0.2.0
[INFO] [stderr]     Checking volatile-register v0.2.0
[INFO] [stderr]     Checking cstr_core v0.1.2
[INFO] [stderr]     Checking klee-sys v0.1.0 (https://gitlab.henriktjader.com/pln/klee-sys.git#3e49ed21)
[INFO] [stdout] error[E0432]: unresolved import `stm32f4`
[INFO] [stdout]  --> examples/f401_minimal2.rs:9:5
[INFO] [stdout]   |
[INFO] [stdout] 9 | use stm32f4::stm32f401 as stm32;
[INFO] [stdout]   |     ^^^^^^^ use of undeclared crate or module `stm32f4`
[INFO] [stdout] 
[INFO] [stdout] 
[INFO] [stdout] error[E0432]: unresolved import `cortex_m`
[INFO] [stdout]   --> examples/f401_minimal2.rs:11:5
[INFO] [stdout]    |
[INFO] [stdout] 11 | use cortex_m::asm;
[INFO] [stdout]    |     ^^^^^^^^ use of undeclared crate or module `cortex_m`
[INFO] [stdout] 
[INFO] [stdout] 
[INFO] [stdout] error[E0432]: unresolved import `cortex_m_rt`
[INFO] [stdout]   --> examples/f401_minimal2.rs:12:5
[INFO] [stdout]    |
[INFO] [stdout] 12 | use cortex_m_rt::entry;
[INFO] [stdout]    |     ^^^^^^^^^^^ use of undeclared crate or module `cortex_m_rt`
[INFO] [stdout] 
[INFO] [stdout] 
[INFO] [stdout] error: cannot determine resolution for the attribute macro `entry`
[INFO] [stdout]   --> examples/f401_minimal2.rs:14:3
[INFO] [stdout]    |
[INFO] [stdout] 14 | #[entry]
[INFO] [stdout]    |   ^^^^^
[INFO] [stdout]    |
[INFO] [stdout]    = note: import resolution is stuck, try simplifying macro imports
[INFO] [stdout] 
[INFO] [stdout] 
[INFO] [stdout] error[E0463]: can't find crate for `cortex_m`
[INFO] [stdout]  --> examples/cortex_m_test_nightly.rs:6:1
[INFO] [stdout]   |
[INFO] [stdout] 6 | extern crate cortex_m;
[INFO] [stdout]   | ^^^^^^^^^^^^^^^^^^^^^^ can't find crate
[INFO] [stdout] 
[INFO] [stdout] 
[INFO] [stdout] error[E0463]: can't find crate for `cortex_m`
[INFO] [stdout]  --> examples/cortex_m_test1.rs:5:1
[INFO] [stdout]   |
[INFO] [stdout] 5 | extern crate cortex_m;
[INFO] [stdout]   | ^^^^^^^^^^^^^^^^^^^^^^ can't find crate
[INFO] [stdout] 
[INFO] [stdout] 
[INFO] [stdout] warning: unused import: `klee_sys::*`
[INFO] [stdout]  --> examples/cortex_m_test_nightly.rs:5:5
[INFO] [stdout]   |
[INFO] [stdout] 5 | use klee_sys::*;
[INFO] [stdout]   |     ^^^^^^^^^^^
[INFO] [stdout]   |
[INFO] [stdout]   = note: `#[warn(unused_imports)]` on by default
[INFO] [stdout] 
[INFO] [stdout] 
[INFO] [stdout] error[E0432]: unresolved import `stm32f4`
[INFO] [stdout]  --> examples/f401_ktest.rs:9:5
[INFO] [stdout]   |
[INFO] [stdout] 9 | use stm32f4::stm32f401 as stm32;
[INFO] [stdout]   |     ^^^^^^^ use of undeclared crate or module `stm32f4`
[INFO] [stdout] 
[INFO] [stdout] 
[INFO] [stdout] error[E0432]: unresolved import `cortex_m`
[INFO] [stdout]   --> examples/f401_ktest.rs:11:5
[INFO] [stdout]    |
[INFO] [stdout] 11 | use cortex_m::{asm, bkpt};
[INFO] [stdout]    |     ^^^^^^^^ use of undeclared crate or module `cortex_m`
[INFO] [stdout] 
[INFO] [stdout] 
[INFO] [stdout] error[E0432]: unresolved import `cortex_m_rt`
[INFO] [stdout]   --> examples/f401_ktest.rs:12:5
[INFO] [stdout]    |
[INFO] [stdout] 12 | use cortex_m_rt::entry;
[INFO] [stdout]    |     ^^^^^^^^^^^ use of undeclared crate or module `cortex_m_rt`
[INFO] [stdout] 
[INFO] [stdout] 
[INFO] [stdout] error[E0432]: unresolved import `stm32f4`
[INFO] [stdout]  --> examples/f401_probe.rs:9:5
[INFO] [stdout]   |
[INFO] [stdout] 9 | use stm32f4::stm32f401 as stm32;
[INFO] [stdout]   |     ^^^^^^^ use of undeclared crate or module `stm32f4`
[INFO] [stdout] 
[INFO] [stdout] 
[INFO] [stdout] error: cannot determine resolution for the macro `asm`
[INFO] [stdout]   --> examples/f401_ktest.rs:36:9
[INFO] [stdout]    |
[INFO] [stdout] 36 |         asm!("bkpt #0" : /* output */: /* input */ "r"(data): /* clobber */ : "volatile")
[INFO] [stdout]    |         ^^^
[INFO] [stdout]    |
[INFO] [stdout]    = note: import resolution is stuck, try simplifying macro imports
[INFO] [stdout] 
[INFO] [stdout] 
[INFO] [stdout] error[E0432]: unresolved import `cortex_m`
[INFO] [stdout]   --> examples/f401_probe.rs:11:5
[INFO] [stdout]    |
[INFO] [stdout] 11 | use cortex_m::asm;
[INFO] [stdout]    |     ^^^^^^^^ use of undeclared crate or module `cortex_m`
[INFO] [stdout] 
[INFO] [stdout] 
[INFO] [stdout] error[E0432]: unresolved import `cortex_m_rt`
[INFO] [stdout]   --> examples/f401_probe.rs:12:5
[INFO] [stdout]    |
[INFO] [stdout] 12 | use cortex_m_rt::entry;
[INFO] [stdout]    |     ^^^^^^^^^^^ use of undeclared crate or module `cortex_m_rt`
[INFO] [stdout] 
[INFO] [stdout] 
[INFO] [stdout] error: cannot determine resolution for the attribute macro `entry`
[INFO] [stdout]   --> examples/f401_ktest.rs:16:3
[INFO] [stdout]    |
[INFO] [stdout] 16 | #[entry]
[INFO] [stdout]    |   ^^^^^
[INFO] [stdout]    |
[INFO] [stdout]    = note: import resolution is stuck, try simplifying macro imports
[INFO] [stdout] 
[INFO] [stdout] 
[INFO] [stdout] error: cannot determine resolution for the attribute macro `entry`
[INFO] [stdout]   --> examples/f401_probe.rs:14:3
[INFO] [stdout]    |
[INFO] [stdout] 14 | #[entry]
[INFO] [stdout]    |   ^^^^^
[INFO] [stdout]    |
[INFO] [stdout]    = note: import resolution is stuck, try simplifying macro imports
[INFO] [stdout] 
[INFO] [stdout] 
[INFO] [stdout] error: cannot determine resolution for the macro `bkpt`
[INFO] [stdout]   --> examples/f401_ktest.rs:24:9
[INFO] [stdout]    |
[INFO] [stdout] 24 |         bkpt!();
[INFO] [stdout]    |         ^^^^
[INFO] [stdout]    |
[INFO] [stdout]    = note: import resolution is stuck, try simplifying macro imports
[INFO] [stdout] 
[INFO] [stdout] 
[INFO] [stdout] error: aborting due to previous error; 1 warning emitted
[INFO] [stdout] 
[INFO] [stdout] 
[INFO] [stdout] error[E0432]: unresolved import `stm32f4`
[INFO] [stdout]  --> examples/f401_minimal.rs:9:5
[INFO] [stdout]   |
[INFO] [stdout] 9 | use stm32f4::stm32f401 as stm32;
[INFO] [stdout]   |     ^^^^^^^ use of undeclared crate or module `stm32f4`
[INFO] [stdout] 
[INFO] [stdout] 
[INFO] [stdout] For more information about this error, try `rustc --explain E0463`.
[INFO] [stdout] 
[INFO] [stdout] error[E0432]: unresolved import `cortex_m`
[INFO] [stdout]   --> examples/f401_minimal.rs:11:5
[INFO] [stdout]    |
[INFO] [stdout] 11 | use cortex_m::asm;
[INFO] [stdout]    |     ^^^^^^^^ use of undeclared crate or module `cortex_m`
[INFO] [stdout] 
[INFO] [stdout] 
[INFO] [stdout] error[E0432]: unresolved import `cortex_m_rt`
[INFO] [stdout]   --> examples/f401_minimal.rs:12:5
[INFO] [stdout]    |
[INFO] [stdout] 12 | use cortex_m_rt::entry;
[INFO] [stdout]    |     ^^^^^^^^^^^ use of undeclared crate or module `cortex_m_rt`
[INFO] [stdout] 
[INFO] [stdout] 
[INFO] [stdout] error[E0432]: unresolved import `cortex_m_semihosting`
[INFO] [stdout]   --> examples/f401_minimal.rs:13:5
[INFO] [stdout]    |
[INFO] [stdout] 13 | use cortex_m_semihosting::hprintln;
[INFO] [stdout]    |     ^^^^^^^^^^^^^^^^^^^^ use of undeclared crate or module `cortex_m_semihosting`
[INFO] [stdout] 
[INFO] [stdout] 
[INFO] [stdout] error: cannot determine resolution for the attribute macro `entry`
[INFO] [stdout]   --> examples/f401_minimal.rs:17:3
[INFO] [stdout]    |
[INFO] [stdout] 17 | #[entry]
[INFO] [stdout]    |   ^^^^^
[INFO] [stdout]    |
[INFO] [stdout]    = note: import resolution is stuck, try simplifying macro imports
[INFO] [stdout] 
[INFO] [stdout] 
[INFO] [stdout] error: cannot determine resolution for the macro `hprintln`
[INFO] [stdout]   --> examples/f401_minimal.rs:20:8
[INFO] [stdout]    |
[INFO] [stdout] 20 |        hprintln!("{}", i).unwrap();
[INFO] [stdout]    |        ^^^^^^^^
[INFO] [stdout]    |
[INFO] [stdout]    = note: import resolution is stuck, try simplifying macro imports
[INFO] [stdout] 
[INFO] [stdout] 
[INFO] [stdout] error: cannot determine resolution for the macro `hprintln`
[INFO] [stdout]   --> examples/f401_minimal.rs:24:12
[INFO] [stdout]    |
[INFO] [stdout] 24 |     unsafe{hprintln!("{:?}", array).unwrap();}
[INFO] [stdout]    |            ^^^^^^^^
[INFO] [stdout]    |
[INFO] [stdout]    = note: import resolution is stuck, try simplifying macro imports
[INFO] [stdout] 
[INFO] [stdout] 
[INFO] [stdout] error: cannot find macro `klee_assert` in this scope
[INFO] [stdout]   --> examples/assume_assert.rs:13:5
[INFO] [stdout]    |
[INFO] [stdout] 13 |     klee_assert!(f1(a) > a);
[INFO] [stdout]    |     ^^^^^^^^^^^
[INFO] [stdout] 
[INFO] [stdout] 
[INFO] [stdout] error: cannot find macro `klee_make_symbolic` in this scope
[INFO] [stdout]   --> examples/assume_assert.rs:11:5
[INFO] [stdout]    |
[INFO] [stdout] 11 |     klee_make_symbolic!(&mut a, "a");
[INFO] [stdout]    |     ^^^^^^^^^^^^^^^^^^
[INFO] [stdout] 
[INFO] [stdout] 
[INFO] [stdout] error[E0463]: can't find crate for `cortex_m`
[INFO] [stdout]  --> examples/cortex_m_rt_test.rs:4:1
[INFO] [stdout]   |
[INFO] [stdout] 4 | extern crate cortex_m;
[INFO] [stdout]   | ^^^^^^^^^^^^^^^^^^^^^^ can't find crate
[INFO] [stdout] 
[INFO] [stdout] 
[INFO] [stdout] error[E0463]: can't find crate for `cortex_m_rt`
[INFO] [stdout]  --> examples/cortex_m_rt_test.rs:5:1
[INFO] [stdout]   |
[INFO] [stdout] 5 | extern crate cortex_m_rt;
[INFO] [stdout]   | ^^^^^^^^^^^^^^^^^^^^^^^^^ can't find crate
[INFO] [stdout] 
[INFO] [stdout] 
[INFO] [stdout] warning: unused import: `klee_sys::*`
[INFO] [stdout]  --> examples/assume_assert.rs:5:5
[INFO] [stdout]   |
[INFO] [stdout] 5 | use klee_sys::*;
[INFO] [stdout]   |     ^^^^^^^^^^^
[INFO] [stdout]   |
[INFO] [stdout]   = note: `#[warn(unused_imports)]` on by default
[INFO] [stdout] 
[INFO] [stdout] 
[INFO] [stdout] error[E0432]: unresolved imports `klee_sys::klee_abort`, `klee_sys::klee_assert`, `klee_sys::klee_assert_eq`, `klee_sys::klee_make_symbolic`
[INFO] [stdout]  --> examples/paths.rs:6:16
[INFO] [stdout]   |
[INFO] [stdout] 6 | use klee_sys::{klee_abort, klee_assert, klee_assert_eq, klee_make_symbolic};
[INFO] [stdout]   |                ^^^^^^^^^^  ^^^^^^^^^^^  ^^^^^^^^^^^^^^  ^^^^^^^^^^^^^^^^^^ no `klee_make_symbolic` in the root
[INFO] [stdout]   |                |           |            |
[INFO] [stdout]   |                |           |            no `klee_assert_eq` in the root
[INFO] [stdout]   |                |           no `klee_assert` in the root
[INFO] [stdout]   |                no `klee_abort` in the root
[INFO] [stdout] 
[INFO] [stdout] 
[INFO] [stdout] error[E0152]: duplicate lang item in crate `panic_klee`: `panic_impl`.
[INFO] [stdout]   |
[INFO] [stdout]   = note: the lang item is first defined in crate `panic_halt` (which `f401_minimal2` depends on)
[INFO] [stdout]   = note: first definition in `panic_halt` loaded from /opt/rustwide/target/debug/deps/libpanic_halt-7de5932f1495d0ee.rmeta
[INFO] [stdout]   = note: second definition in `panic_klee` loaded from /opt/rustwide/target/debug/deps/libpanic_klee-56f6f3ef30450345.rmeta
[INFO] [stdout] 
[INFO] [stdout] 
[INFO] [stdout] error: aborting due to 5 previous errors
[INFO] [stdout] 
[INFO] [stdout] 
[INFO] [stdout] Some errors have detailed explanations: E0152, E0432.
[INFO] [stdout] 
[INFO] [stdout] For more information about an error, try `rustc --explain E0152`.
[INFO] [stdout] 
[INFO] [stdout] error[E0152]: duplicate lang item in crate `panic_klee`: `panic_impl`.
[INFO] [stdout]   |
[INFO] [stdout]   = note: the lang item is first defined in crate `panic_halt` (which `f401_probe` depends on)
[INFO] [stdout]   = note: first definition in `panic_halt` loaded from /opt/rustwide/target/debug/deps/libpanic_halt-7de5932f1495d0ee.rmeta
[INFO] [stdout]   = note: second definition in `panic_klee` loaded from /opt/rustwide/target/debug/deps/libpanic_klee-56f6f3ef30450345.rmeta
[INFO] [stdout] 
[INFO] [stdout] 
[INFO] [stdout] error: aborting due to 5 previous errors
[INFO] [stdout] 
[INFO] [stdout] 
[INFO] [stdout] Some errors have detailed explanations: E0152, E0432.
[INFO] [stdout] 
[INFO] [stdout] For more information about an error, try `rustc --explain E0152`.
[INFO] [stdout] 
[INFO] [stderr] error: could not compile `klee-examples` (example "cortex_m_test_nightly") due to 2 previous errors; 1 warning emitted
[INFO] [stderr] warning: build failed, waiting for other jobs to finish...
[INFO] [stderr] error: could not compile `klee-examples` (example "f401_minimal2") due to 6 previous errors
[INFO] [stdout] error[E0152]: duplicate lang item in crate `panic_halt`: `panic_impl`.
[INFO] [stdout]   |
[INFO] [stdout]   = note: the lang item is first defined in crate `panic_klee` (which `assume_assert` depends on)
[INFO] [stdout]   = note: first definition in `panic_klee` loaded from /opt/rustwide/target/debug/deps/libpanic_klee-56f6f3ef30450345.rmeta
[INFO] [stdout]   = note: second definition in `panic_halt` loaded from /opt/rustwide/target/debug/deps/libpanic_halt-7de5932f1495d0ee.rmeta
[INFO] [stdout] 
[INFO] [stdout] 
[INFO] [stdout] error[E0432]: unresolved import `klee_sys::klee_abort`
[INFO] [stdout]  --> examples/cortex_m_test1.rs:4:5
[INFO] [stdout]   |
[INFO] [stdout] 4 | use klee_sys::klee_abort;
[INFO] [stdout]   |     ^^^^^^^^^^^^^^^^^^^^ no `klee_abort` in the root
[INFO] [stdout] 
[INFO] [stdout] 
[INFO] [stdout] error: cannot determine resolution for the macro `klee_abort`
[INFO] [stdout]   --> examples/cortex_m_test1.rs:22:5
[INFO] [stdout]    |
[INFO] [stdout] 22 |     klee_abort!();
[INFO] [stdout]    |     ^^^^^^^^^^
[INFO] [stdout]    |
[INFO] [stdout]    = note: import resolution is stuck, try simplifying macro imports
[INFO] [stdout] 
[INFO] [stdout] 
[INFO] [stdout] error: aborting due to 3 previous errors; 1 warning emitted
[INFO] [stdout] 
[INFO] [stdout] 
[INFO] [stdout] For more information about this error, try `rustc --explain E0152`.
[INFO] [stdout] 
[INFO] [stdout] error[E0432]: unresolved import `cortex_m_rt`
[INFO] [stdout]   --> examples/klee_hybrid_test.rs:25:9
[INFO] [stdout]    |
[INFO] [stdout] 25 |     use cortex_m_rt::entry;
[INFO] [stdout]    |         ^^^^^^^^^^^ use of undeclared crate or module `cortex_m_rt`
[INFO] [stdout] 
[INFO] [stdout] 
[INFO] [stdout] error[E0432]: unresolved import `cortex_m_semihosting`
[INFO] [stdout]   --> examples/klee_hybrid_test.rs:26:9
[INFO] [stdout]    |
[INFO] [stdout] 26 |     use cortex_m_semihosting::hprintln;
[INFO] [stdout]    |         ^^^^^^^^^^^^^^^^^^^^ use of undeclared crate or module `cortex_m_semihosting`
[INFO] [stdout] 
[INFO] [stdout] 
[INFO] [stdout] error[E0432]: unresolved import `stm32f4`
[INFO] [stdout]   --> examples/klee_hybrid_test.rs:27:9
[INFO] [stdout]    |
[INFO] [stdout] 27 |     use stm32f4::stm32f401 as stm32;
[INFO] [stdout]    |         ^^^^^^^ use of undeclared crate or module `stm32f4`
[INFO] [stdout] 
[INFO] [stdout] 
[INFO] [stdout] error[E0152]: duplicate lang item in crate `panic_klee`: `panic_impl`.
[INFO] [stdout]   |
[INFO] [stdout]   = note: the lang item is first defined in crate `panic_halt` (which `f401_minimal` depends on)
[INFO] [stdout]   = note: first definition in `panic_halt` loaded from /opt/rustwide/target/debug/deps/libpanic_halt-7de5932f1495d0ee.rmeta
[INFO] [stdout]   = note: second definition in `panic_klee` loaded from /opt/rustwide/target/debug/deps/libpanic_klee-56f6f3ef30450345.rmeta
[INFO] [stdout] 
[INFO] [stdout] 
[INFO] [stdout] error: cannot determine resolution for the attribute macro `entry`
[INFO] [stdout]   --> examples/klee_hybrid_test.rs:29:7
[INFO] [stdout]    |
[INFO] [stdout] 29 |     #[entry]
[INFO] [stdout]    |       ^^^^^
[INFO] [stdout]    |
[INFO] [stdout]    = note: import resolution is stuck, try simplifying macro imports
[INFO] [stdout] 
[INFO] [stdout] 
[INFO] [stdout] error: cannot determine resolution for the macro `hprintln`
[INFO] [stdout]   --> examples/klee_hybrid_test.rs:32:9
[INFO] [stdout]    |
[INFO] [stdout] 32 |         hprintln!("Hello, world! {}", r).unwrap();
[INFO] [stdout]    |         ^^^^^^^^
[INFO] [stdout]    |
[INFO] [stdout]    = note: import resolution is stuck, try simplifying macro imports
[INFO] [stdout] 
[INFO] [stdout] 
[INFO] [stdout] error[E0152]: duplicate lang item in crate `panic_halt`: `panic_impl`.
[INFO] [stdout]   |
[INFO] [stdout]   = note: the lang item is first defined in crate `panic_klee` (which `cortex_m_test1` depends on)
[INFO] [stdout]   = note: first definition in `panic_klee` loaded from /opt/rustwide/target/debug/deps/libpanic_klee-56f6f3ef30450345.rmeta
[INFO] [stdout]   = note: second definition in `panic_halt` loaded from /opt/rustwide/target/debug/deps/libpanic_halt-7de5932f1495d0ee.rmeta
[INFO] [stdout] 
[INFO] [stdout] 
[INFO] [stdout] error: aborting due to 4 previous errors
[INFO] [stdout] 
[INFO] [stdout] 
[INFO] [stdout] Some errors have detailed explanations: E0152, E0432, E0463.
[INFO] [stdout] 
[INFO] [stdout] For more information about an error, try `rustc --explain E0152`.
[INFO] [stdout] 
[INFO] [stderr] error: could not compile `klee-examples` (example "f401_probe") due to 6 previous errors
[INFO] [stdout] error: cannot determine resolution for the macro `klee_make_symbolic`
[INFO] [stdout]   --> examples/paths.rs:12:5
[INFO] [stdout]    |
[INFO] [stdout] 12 |     klee_make_symbolic!(&mut a, "a");
[INFO] [stdout]    |     ^^^^^^^^^^^^^^^^^^
[INFO] [stdout]    |
[INFO] [stdout]    = note: import resolution is stuck, try simplifying macro imports
[INFO] [stdout] 
[INFO] [stdout] 
[INFO] [stdout] error: cannot determine resolution for the macro `klee_abort`
[INFO] [stdout]   --> examples/paths.rs:17:14
[INFO] [stdout]    |
[INFO] [stdout] 17 |         0 => klee_abort!(),
[INFO] [stdout]    |              ^^^^^^^^^^
[INFO] [stdout]    |
[INFO] [stdout]    = note: import resolution is stuck, try simplifying macro imports
[INFO] [stdout] 
[INFO] [stdout] 
[INFO] [stdout] error: cannot determine resolution for the macro `klee_abort`
[INFO] [stdout]   --> examples/paths.rs:18:14
[INFO] [stdout]    |
[INFO] [stdout] 18 |         1 => klee_abort!(),
[INFO] [stdout]    |              ^^^^^^^^^^
[INFO] [stdout]    |
[INFO] [stdout]    = note: import resolution is stuck, try simplifying macro imports
[INFO] [stdout] 
[INFO] [stdout] 
[INFO] [stdout] error: cannot determine resolution for the macro `klee_abort`
[INFO] [stdout]   --> examples/paths.rs:19:14
[INFO] [stdout]    |
[INFO] [stdout] 19 |         2 => klee_abort!(),
[INFO] [stdout]    |              ^^^^^^^^^^
[INFO] [stdout]    |
[INFO] [stdout]    = note: import resolution is stuck, try simplifying macro imports
[INFO] [stdout] 
[INFO] [stdout] 
[INFO] [stdout] error: cannot determine resolution for the macro `klee_assert`
[INFO] [stdout]   --> examples/paths.rs:21:14
[INFO] [stdout]    |
[INFO] [stdout] 21 |         4 => klee_assert!(false),
[INFO] [stdout]    |              ^^^^^^^^^^^
[INFO] [stdout]    |
[INFO] [stdout]    = note: import resolution is stuck, try simplifying macro imports
[INFO] [stdout] 
[INFO] [stdout] 
[INFO] [stdout] error: cannot determine resolution for the macro `klee_assert_eq`
[INFO] [stdout]   --> examples/paths.rs:22:14
[INFO] [stdout]    |
[INFO] [stdout] 22 |         5 => klee_assert_eq!(false, true),
[INFO] [stdout]    |              ^^^^^^^^^^^^^^
[INFO] [stdout]    |
[INFO] [stdout]    = note: import resolution is stuck, try simplifying macro imports
[INFO] [stdout] 
[INFO] [stdout] 
[INFO] [stdout] error: cannot determine resolution for the macro `klee_assert_eq`
[INFO] [stdout]   --> examples/paths.rs:23:14
[INFO] [stdout]    |
[INFO] [stdout] 23 |         6 => klee_assert_eq!(false, true),
[INFO] [stdout]    |              ^^^^^^^^^^^^^^
[INFO] [stdout]    |
[INFO] [stdout]    = note: import resolution is stuck, try simplifying macro imports
[INFO] [stdout] 
[INFO] [stdout] 
[INFO] [stdout] error: aborting due to 8 previous errors
[INFO] [stdout] 
[INFO] [stdout] 
[INFO] [stdout] Some errors have detailed explanations: E0152, E0432.
[INFO] [stdout] 
[INFO] [stdout] For more information about an error, try `rustc --explain E0152`.
[INFO] [stdout] 
[INFO] [stdout] error[E0432]: unresolved imports `klee_sys::klee_abort`, `klee_sys::klee_make_symbolic`
[INFO] [stdout]  --> examples/cortex_m_rt_test3.rs:7:16
[INFO] [stdout]   |
[INFO] [stdout] 7 | use klee_sys::{klee_abort, klee_make_symbolic};
[INFO] [stdout]   |                ^^^^^^^^^^  ^^^^^^^^^^^^^^^^^^ no `klee_make_symbolic` in the root
[INFO] [stdout]   |                |
[INFO] [stdout]   |                no `klee_abort` in the root
[INFO] [stdout] 
[INFO] [stdout] 
[INFO] [stdout] error[E0433]: failed to resolve: use of undeclared crate or module `cortex_m`
[INFO] [stdout]  --> examples/cortex_m_rt_test3.rs:9:5
[INFO] [stdout]   |
[INFO] [stdout] 9 | use cortex_m::peripheral::Peripherals;
[INFO] [stdout]   |     ^^^^^^^^ use of undeclared crate or module `cortex_m`
[INFO] [stdout] 
[INFO] [stdout] 
[INFO] [stdout] warning: the feature `asm` has been stable since 1.59.0 and no longer requires an attribute to enable
[INFO] [stdout]  --> examples/f401_ktest.rs:3:12
[INFO] [stdout]   |
[INFO] [stdout] 3 | #![feature(asm)]
[INFO] [stdout]   |            ^^^
[INFO] [stdout]   |
[INFO] [stdout]   = note: `#[warn(stable_features)]` on by default
[INFO] [stdout] 
[INFO] [stdout] 
[INFO] [stdout] error[E0432]: unresolved import `cortex_m_rt`
[INFO] [stdout]  --> examples/cortex_m_rt_test3.rs:4:5
[INFO] [stdout]   |
[INFO] [stdout] 4 | use cortex_m_rt::{entry, exception, pre_init, ExceptionFrame};
[INFO] [stdout]   |     ^^^^^^^^^^^ use of undeclared crate or module `cortex_m_rt`
[INFO] [stdout] 
[INFO] [stdout] 
[INFO] [stderr] error: could not compile `klee-examples` (example "assume_assert") due to 4 previous errors; 1 warning emitted
[INFO] [stdout] error: cannot determine resolution for the attribute macro `exception`
[INFO] [stdout]   --> examples/cortex_m_rt_test3.rs:98:3
[INFO] [stdout]    |
[INFO] [stdout] 98 | #[exception]
[INFO] [stdout]    |   ^^^^^^^^^
[INFO] [stdout]    |
[INFO] [stdout]    = note: import resolution is stuck, try simplifying macro imports
[INFO] [stdout] 
[INFO] [stdout] 
[INFO] [stdout] error: cannot determine resolution for the attribute macro `exception`
[INFO] [stdout]   --> examples/cortex_m_rt_test3.rs:93:3
[INFO] [stdout]    |
[INFO] [stdout] 93 | #[exception]
[INFO] [stdout]    |   ^^^^^^^^^
[INFO] [stdout]    |
[INFO] [stdout]    = note: import resolution is stuck, try simplifying macro imports
[INFO] [stdout] 
[INFO] [stdout] 
[INFO] [stdout] error[E0432]: unresolved import `klee_sys::klee_abort`
[INFO] [stdout]  --> examples/cortex_m_rt_test2.rs:7:5
[INFO] [stdout]   |
[INFO] [stdout] 7 | use klee_sys::klee_abort;
[INFO] [stdout]   |     ^^^^^^^^^^^^^^^^^^^^ no `klee_abort` in the root
[INFO] [stdout] 
[INFO] [stdout] 
[INFO] [stdout] error: cannot determine resolution for the attribute macro `exception`
[INFO] [stdout]   --> examples/cortex_m_rt_test3.rs:88:3
[INFO] [stdout]    |
[INFO] [stdout] 88 | #[exception]
[INFO] [stdout]    |   ^^^^^^^^^
[INFO] [stdout]    |
[INFO] [stdout]    = note: import resolution is stuck, try simplifying macro imports
[INFO] [stdout] 
[INFO] [stdout] 
[INFO] [stdout] error: cannot determine resolution for the attribute macro `exception`
[INFO] [stdout]   --> examples/cortex_m_rt_test3.rs:83:3
[INFO] [stdout]    |
[INFO] [stdout] 83 | #[exception]
[INFO] [stdout]    |   ^^^^^^^^^
[INFO] [stdout]    |
[INFO] [stdout]    = note: import resolution is stuck, try simplifying macro imports
[INFO] [stdout] 
[INFO] [stdout] 
[INFO] [stdout] error[E0152]: duplicate lang item in crate `panic_klee`: `panic_impl`.
[INFO] [stdout]   |
[INFO] [stdout]   = note: the lang item is first defined in crate `panic_halt` (which `f401_ktest` depends on)
[INFO] [stdout]   = note: first definition in `panic_halt` loaded from /opt/rustwide/target/debug/deps/libpanic_halt-7de5932f1495d0ee.rmeta
[INFO] [stdout]   = note: second definition in `panic_klee` loaded from /opt/rustwide/target/debug/deps/libpanic_klee-56f6f3ef30450345.rmeta
[INFO] [stdout] 
[INFO] [stdout] 
[INFO] [stdout] error[E0433]: failed to resolve: use of undeclared crate or module `cortex_m`
[INFO] [stdout]  --> examples/cortex_m_rt_test2.rs:9:5
[INFO] [stdout]   |
[INFO] [stdout] 9 | use cortex_m::peripheral::Peripherals;
[INFO] [stdout]   |     ^^^^^^^^ use of undeclared crate or module `cortex_m`
[INFO] [stdout] 
[INFO] [stdout] 
[INFO] [stdout] error[E0152]: duplicate lang item in crate `panic_klee`: `panic_impl`.
[INFO] [stdout]   |
[INFO] [stdout]   = note: the lang item is first defined in crate `panic_halt` (which `klee_hybrid_test` depends on)
[INFO] [stdout]   = note: first definition in `panic_halt` loaded from /opt/rustwide/target/debug/deps/libpanic_halt-7de5932f1495d0ee.rmeta
[INFO] [stdout]   = note: second definition in `panic_klee` loaded from /opt/rustwide/target/debug/deps/libpanic_klee-56f6f3ef30450345.rmeta
[INFO] [stdout] 
[INFO] [stdout] 
[INFO] [stdout] error: cannot determine resolution for the attribute macro `exception`
[INFO] [stdout]   --> examples/cortex_m_rt_test3.rs:78:3
[INFO] [stdout]    |
[INFO] [stdout] 78 | #[exception]
[INFO] [stdout]    |   ^^^^^^^^^
[INFO] [stdout]    |
[INFO] [stdout]    = note: import resolution is stuck, try simplifying macro imports
[INFO] [stdout] 
[INFO] [stdout] 
[INFO] [stdout] error[E0432]: unresolved import `cortex_m_rt`
[INFO] [stdout]  --> examples/cortex_m_rt_test2.rs:4:5
[INFO] [stdout]   |
[INFO] [stdout] 4 | use cortex_m_rt::{entry, pre_init};
[INFO] [stdout]   |     ^^^^^^^^^^^ use of undeclared crate or module `cortex_m_rt`
[INFO] [stdout] 
[INFO] [stdout] 
[INFO] [stdout] error: cannot determine resolution for the attribute macro `exception`
[INFO] [stdout]   --> examples/cortex_m_rt_test3.rs:73:3
[INFO] [stdout]    |
[INFO] [stdout] 73 | #[exception]
[INFO] [stdout]    |   ^^^^^^^^^
[INFO] [stdout]    |
[INFO] [stdout]    = note: import resolution is stuck, try simplifying macro imports
[INFO] [stdout] 
[INFO] [stdout] 
[INFO] [stdout] error: cannot determine resolution for the attribute macro `pre_init`
[INFO] [stdout]   --> examples/cortex_m_rt_test2.rs:27:3
[INFO] [stdout]    |
[INFO] [stdout] 27 | #[pre_init]
[INFO] [stdout]    |   ^^^^^^^^
[INFO] [stdout]    |
[INFO] [stdout]    = note: import resolution is stuck, try simplifying macro imports
[INFO] [stdout] 
[INFO] [stdout] 
[INFO] [stdout] error: cannot determine resolution for the attribute macro `exception`
[INFO] [stdout]   --> examples/cortex_m_rt_test3.rs:68:3
[INFO] [stdout]    |
[INFO] [stdout] 68 | #[exception]
[INFO] [stdout]    |   ^^^^^^^^^
[INFO] [stdout]    |
[INFO] [stdout]    = note: import resolution is stuck, try simplifying macro imports
[INFO] [stdout] 
[INFO] [stdout] 
[INFO] [stdout] error[E0432]: unresolved import `klee_sys::klee_abort`
[INFO] [stdout]  --> examples/vcell_test.rs:4:5
[INFO] [stdout]   |
[INFO] [stdout] 4 | use klee_sys::klee_abort;
[INFO] [stdout]   |     ^^^^^^^^^^^^^^^^^^^^ no `klee_abort` in the root
[INFO] [stdout] 
[INFO] [stdout] 
[INFO] [stdout] error: cannot determine resolution for the attribute macro `entry`
[INFO] [stdout]   --> examples/cortex_m_rt_test2.rs:13:3
[INFO] [stdout]    |
[INFO] [stdout] 13 | #[entry]
[INFO] [stdout]    |   ^^^^^
[INFO] [stdout]    |
[INFO] [stdout]    = note: import resolution is stuck, try simplifying macro imports
[INFO] [stdout] 
[INFO] [stdout] 
[INFO] [stdout] error: cannot determine resolution for the attribute macro `exception`
[INFO] [stdout]   --> examples/cortex_m_rt_test3.rs:63:3
[INFO] [stdout]    |
[INFO] [stdout] 63 | #[exception]
[INFO] [stdout]    |   ^^^^^^^^^
[INFO] [stdout]    |
[INFO] [stdout]    = note: import resolution is stuck, try simplifying macro imports
[INFO] [stdout] 
[INFO] [stdout] 
[INFO] [stdout] error: cannot determine resolution for the macro `klee_abort`
[INFO] [stdout]   --> examples/cortex_m_rt_test2.rs:20:14
[INFO] [stdout]    |
[INFO] [stdout] 20 |         0 => klee_abort!(),
[INFO] [stdout]    |              ^^^^^^^^^^
[INFO] [stdout]    |
[INFO] [stdout]    = note: import resolution is stuck, try simplifying macro imports
[INFO] [stdout] 
[INFO] [stdout] 
[INFO] [stdout] error: cannot determine resolution for the attribute macro `exception`
[INFO] [stdout]   --> examples/cortex_m_rt_test3.rs:52:3
[INFO] [stdout]    |
[INFO] [stdout] 52 | #[exception]
[INFO] [stdout]    |   ^^^^^^^^^
[INFO] [stdout]    |
[INFO] [stdout]    = note: import resolution is stuck, try simplifying macro imports
[INFO] [stdout] 
[INFO] [stdout] 
[INFO] [stdout] error: aborting due to 6 previous errors
[INFO] [stdout] 
[INFO] [stdout] 
[INFO] [stdout] error: cannot determine resolution for the macro `klee_abort`
[INFO] [stdout]   --> examples/vcell_test.rs:12:14
[INFO] [stdout]    |
[INFO] [stdout] 12 |         2 => klee_abort!(),
[INFO] [stdout]    |              ^^^^^^^^^^
[INFO] [stdout]    |
[INFO] [stdout]    = note: import resolution is stuck, try simplifying macro imports
[INFO] [stdout] 
[INFO] [stdout] 
[INFO] [stdout] Some errors have detailed explanations: E0152, E0432.
[INFO] [stdout] 
[INFO] [stdout] error: cannot determine resolution for the macro `klee_abort`
[INFO] [stdout]   --> examples/cortex_m_rt_test2.rs:21:14
[INFO] [stdout]    |
[INFO] [stdout] 21 |         X => klee_abort!(),
[INFO] [stdout]    |              ^^^^^^^^^^
[INFO] [stdout]    |
[INFO] [stdout]    = note: import resolution is stuck, try simplifying macro imports
[INFO] [stdout] 
[INFO] [stdout] 
[INFO] [stdout] For more information about an error, try `rustc --explain E0152`.
[INFO] [stdout] 
[INFO] [stdout] error: cannot determine resolution for the macro `klee_abort`
[INFO] [stdout]   --> examples/cortex_m_rt_test3.rs:60:5
[INFO] [stdout]    |
[INFO] [stdout] 60 |     klee_abort!();
[INFO] [stdout]    |     ^^^^^^^^^^
[INFO] [stdout]    |
[INFO] [stdout]    = note: import resolution is stuck, try simplifying macro imports
[INFO] [stdout] 
[INFO] [stdout] 
[INFO] [stdout] error: aborting due to 7 previous errors; 1 warning emitted
[INFO] [stdout] 
[INFO] [stdout] 
[INFO] [stdout] error: cannot determine resolution for the macro `klee_abort`
[INFO] [stdout]   --> examples/vcell_test.rs:13:14
[INFO] [stdout]    |
[INFO] [stdout] 13 |         1 => klee_abort!(),
[INFO] [stdout]    |              ^^^^^^^^^^
[INFO] [stdout]    |
[INFO] [stdout]    = note: import resolution is stuck, try simplifying macro imports
[INFO] [stdout] 
[INFO] [stdout] 
[INFO] [stdout] error: cannot determine resolution for the attribute macro `exception`
[INFO] [stdout]   --> examples/cortex_m_rt_test3.rs:47:3
[INFO] [stdout]    |
[INFO] [stdout] 47 | #[exception]
[INFO] [stdout]    |   ^^^^^^^^^
[INFO] [stdout]    |
[INFO] [stdout]    = note: import resolution is stuck, try simplifying macro imports
[INFO] [stdout] 
[INFO] [stdout] 
[INFO] [stdout] error: cannot determine resolution for the macro `klee_abort`
[INFO] [stdout]   --> examples/cortex_m_rt_test3.rs:49:5
[INFO] [stdout]    |
[INFO] [stdout] 49 |     klee_abort!();
[INFO] [stdout]    |     ^^^^^^^^^^
[INFO] [stdout]    |
[INFO] [stdout]    = note: import resolution is stuck, try simplifying macro imports
[INFO] [stdout] 
[INFO] [stdout] 
[INFO] [stdout] error: cannot determine resolution for the macro `klee_abort`
[INFO] [stdout]   --> examples/cortex_m_rt_test2.rs:24:5
[INFO] [stdout]    |
[INFO] [stdout] 24 |     klee_abort!();
[INFO] [stdout]    |     ^^^^^^^^^^
[INFO] [stdout]    |
[INFO] [stdout]    = note: import resolution is stuck, try simplifying macro imports
[INFO] [stdout] 
[INFO] [stdout] 
[INFO] [stdout] error: cannot determine resolution for the attribute macro `exception`
[INFO] [stdout]   --> examples/cortex_m_rt_test3.rs:34:3
[INFO] [stdout]    |
[INFO] [stdout] 34 | #[exception]
[INFO] [stdout]    |   ^^^^^^^^^
[INFO] [stdout]    |
[INFO] [stdout]    = note: import resolution is stuck, try simplifying macro imports
[INFO] [stdout] 
[INFO] [stdout] 
[INFO] [stdout] error: cannot determine resolution for the macro `klee_abort`
[INFO] [stdout]   --> examples/cortex_m_rt_test3.rs:44:5
[INFO] [stdout]    |
[INFO] [stdout] 44 |     klee_abort!();
[INFO] [stdout]    |     ^^^^^^^^^^
[INFO] [stdout]    |
[INFO] [stdout]    = note: import resolution is stuck, try simplifying macro imports
[INFO] [stdout] 
[INFO] [stdout] 
[INFO] [stdout] Some errors have detailed explanations: E0152, E0432.
[INFO] [stdout] 
[INFO] [stdout] error: cannot determine resolution for the attribute macro `pre_init`
[INFO] [stdout]   --> examples/cortex_m_rt_test3.rs:25:3
[INFO] [stdout]    |
[INFO] [stdout] 25 | #[pre_init]
[INFO] [stdout]    |   ^^^^^^^^
[INFO] [stdout]    |
[INFO] [stdout]    = note: import resolution is stuck, try simplifying macro imports
[INFO] [stdout] 
[INFO] [stdout] 
[INFO] [stdout] error: cannot determine resolution for the attribute macro `entry`
[INFO] [stdout]   --> examples/cortex_m_rt_test3.rs:13:3
[INFO] [stdout]    |
[INFO] [stdout] 13 | #[entry]
[INFO] [stdout]    |   ^^^^^
[INFO] [stdout]    |
[INFO] [stdout]    = note: import resolution is stuck, try simplifying macro imports
[INFO] [stdout] 
[INFO] [stdout] 
[INFO] [stdout] error: cannot determine resolution for the macro `klee_abort`
[INFO] [stdout]   --> examples/cortex_m_rt_test3.rs:22:5
[INFO] [stdout]    |
[INFO] [stdout] 22 |     klee_abort!();
[INFO] [stdout]    |     ^^^^^^^^^^
[INFO] [stdout]    |
[INFO] [stdout]    = note: import resolution is stuck, try simplifying macro imports
[INFO] [stdout] 
[INFO] [stdout] 
[INFO] [stdout] error[E0152]: duplicate lang item in crate `panic_halt`: `panic_impl`.
[INFO] [stdout]   |
[INFO] [stdout]   = note: the lang item is first defined in crate `panic_klee` (which `paths` depends on)
[INFO] [stdout]   = note: first definition in `panic_klee` loaded from /opt/rustwide/target/debug/deps/libpanic_klee-56f6f3ef30450345.rmeta
[INFO] [stdout]   = note: second definition in `panic_halt` loaded from /opt/rustwide/target/debug/deps/libpanic_halt-7de5932f1495d0ee.rmeta
[INFO] [stdout] 
[INFO] [stdout] 
[INFO] [stdout] For more information about an error, try `rustc --explain E0152`.
[INFO] [stdout] 
[INFO] [stdout] error: aborting due to 9 previous errors
[INFO] [stdout] 
[INFO] [stdout] 
[INFO] [stdout] Some errors have detailed explanations: E0152, E0432.
[INFO] [stdout] 
[INFO] [stdout] For more information about an error, try `rustc --explain E0152`.
[INFO] [stdout] 
[INFO] [stdout] error[E0432]: unresolved imports `klee_sys::klee_abort`, `klee_sys::klee_make_symbolic`
[INFO] [stdout]   --> examples/cortex_m_rt_test.rs:10:16
[INFO] [stdout]    |
[INFO] [stdout] 10 | use klee_sys::{klee_abort, klee_make_symbolic};
[INFO] [stdout]    |                ^^^^^^^^^^  ^^^^^^^^^^^^^^^^^^ no `klee_make_symbolic` in the root
[INFO] [stdout]    |                |
[INFO] [stdout]    |                no `klee_abort` in the root
[INFO] [stdout] 
[INFO] [stdout] 
[INFO] [stdout] error: cannot determine resolution for the attribute macro `pre_init`
[INFO] [stdout]   --> examples/cortex_m_rt_test.rs:33:3
[INFO] [stdout]    |
[INFO] [stdout] 33 | #[pre_init]
[INFO] [stdout]    |   ^^^^^^^^
[INFO] [stdout]    |
[INFO] [stdout]    = note: import resolution is stuck, try simplifying macro imports
[INFO] [stdout] 
[INFO] [stdout] 
[INFO] [stdout] error: cannot determine resolution for the attribute macro `entry`
[INFO] [stdout]   --> examples/cortex_m_rt_test.rs:17:3
[INFO] [stdout]    |
[INFO] [stdout] 17 | #[entry]
[INFO] [stdout]    |   ^^^^^
[INFO] [stdout]    |
[INFO] [stdout]    = note: import resolution is stuck, try simplifying macro imports
[INFO] [stdout] 
[INFO] [stdout] 
[INFO] [stdout] error: cannot determine resolution for the macro `klee_abort`
[INFO] [stdout]   --> examples/cortex_m_rt_test.rs:30:5
[INFO] [stdout]    |
[INFO] [stdout] 30 |     klee_abort!();
[INFO] [stdout]    |     ^^^^^^^^^^
[INFO] [stdout]    |
[INFO] [stdout]    = note: import resolution is stuck, try simplifying macro imports
[INFO] [stdout] 
[INFO] [stdout] 
[INFO] [stderr] error: could not compile `klee-examples` (example "cortex_m_test1") due to 5 previous errors
[INFO] [stdout] warning: unused import: `volatile_register::RW`
[INFO] [stdout]   --> examples/cortex_m_rt_test.rs:14:5
[INFO] [stdout]    |
[INFO] [stdout] 14 | use volatile_register::RW;
[INFO] [stdout]    |     ^^^^^^^^^^^^^^^^^^^^^
[INFO] [stdout]    |
[INFO] [stdout]    = note: `#[warn(unused_imports)]` on by default
[INFO] [stdout] 
[INFO] [stdout] 
[INFO] [stdout] warning: the type `RW<u32>` does not permit being left uninitialized
[INFO] [stdout]  --> examples/register_test.rs:9:32
[INFO] [stdout]   |
[INFO] [stdout] 9 |     let rw: RW<u32> = unsafe { core::mem::MaybeUninit::uninit().assume_init() };
[INFO] [stdout]   |                                ^^^^^^^^^^^^^^^^^^^^^^^^^^^^^^^^^^^^^^^^^^^^^^
[INFO] [stdout]   |                                |
[INFO] [stdout]   |                                this code causes undefined behavior when executed
[INFO] [stdout]   |                                help: use `MaybeUninit<T>` instead, and only call `assume_init` after initialization is done
[INFO] [stdout]   |
[INFO] [stdout]   = note: integers must be initialized
[INFO] [stdout]   = note: `#[warn(invalid_value)]` on by default
[INFO] [stdout] 
[INFO] [stdout] 
[INFO] [stdout] error[E0152]: duplicate lang item in crate `panic_halt`: `panic_impl`.
[INFO] [stdout]   |
[INFO] [stdout]   = note: the lang item is first defined in crate `panic_klee` (which `cortex_m_rt_test` depends on)
[INFO] [stdout]   = note: first definition in `panic_klee` loaded from /opt/rustwide/target/debug/deps/libpanic_klee-56f6f3ef30450345.rmeta
[INFO] [stdout]   = note: second definition in `panic_halt` loaded from /opt/rustwide/target/debug/deps/libpanic_halt-7de5932f1495d0ee.rmeta
[INFO] [stdout] 
[INFO] [stdout] 
[INFO] [stdout] error: aborting due to 7 previous errors; 1 warning emitted
[INFO] [stdout] 
[INFO] [stdout] 
[INFO] [stdout] error[E0152]: duplicate lang item in crate `panic_halt`: `panic_impl`.
[INFO] [stdout]   |
[INFO] [stdout]   = note: the lang item is first defined in crate `panic_klee` (which `cortex_m_rt_test2` depends on)
[INFO] [stdout]   = note: first definition in `panic_klee` loaded from /opt/rustwide/target/debug/deps/libpanic_klee-56f6f3ef30450345.rmeta
[INFO] [stdout]   = note: second definition in `panic_halt` loaded from /opt/rustwide/target/debug/deps/libpanic_halt-7de5932f1495d0ee.rmeta
[INFO] [stdout] 
[INFO] [stdout] 
[INFO] [stdout] Some errors have detailed explanations: E0152, E0432, E0463.
[INFO] [stdout] 
[INFO] [stderr] error: could not compile `klee-examples` (example "f401_minimal") due to 9 previous errors
[INFO] [stdout] For more information about an error, try `rustc --explain E0152`.
[INFO] [stdout] 
[INFO] [stdout] error[E0152]: duplicate lang item in crate `panic_halt`: `panic_impl`.
[INFO] [stdout]   |
[INFO] [stdout]   = note: the lang item is first defined in crate `panic_klee` (which `vcell_test` depends on)
[INFO] [stdout]   = note: first definition in `panic_klee` loaded from /opt/rustwide/target/debug/deps/libpanic_klee-56f6f3ef30450345.rmeta
[INFO] [stdout]   = note: second definition in `panic_halt` loaded from /opt/rustwide/target/debug/deps/libpanic_halt-7de5932f1495d0ee.rmeta
[INFO] [stdout] 
[INFO] [stdout] 
[INFO] [stdout] error: aborting due to 9 previous errors
[INFO] [stdout] 
[INFO] [stdout] 
[INFO] [stdout] Some errors have detailed explanations: E0152, E0432, E0433.
[INFO] [stdout] 
[INFO] [stdout] For more information about an error, try `rustc --explain E0152`.
[INFO] [stdout] 
[INFO] [stdout] error[E0152]: duplicate lang item in crate `panic_halt`: `panic_impl`.
[INFO] [stdout]   |
[INFO] [stdout]   = note: the lang item is first defined in crate `panic_klee` (which `cortex_m_rt_test3` depends on)
[INFO] [stdout]   = note: first definition in `panic_klee` loaded from /opt/rustwide/target/debug/deps/libpanic_klee-56f6f3ef30450345.rmeta
[INFO] [stdout]   = note: second definition in `panic_halt` loaded from /opt/rustwide/target/debug/deps/libpanic_halt-7de5932f1495d0ee.rmeta
[INFO] [stdout] 
[INFO] [stdout] 
[INFO] [stdout] error: aborting due to 4 previous errors
[INFO] [stdout] 
[INFO] [stdout] 
[INFO] [stdout] Some errors have detailed explanations: E0152, E0432.
[INFO] [stdout] 
[INFO] [stdout] For more information about an error, try `rustc --explain E0152`.
[INFO] [stdout] 
[INFO] [stdout] warning: 1 warning emitted
[INFO] [stdout] 
[INFO] [stdout] 
[INFO] [stdout] error: aborting due to 21 previous errors
[INFO] [stdout] 
[INFO] [stdout] 
[INFO] [stdout] Some errors have detailed explanations: E0152, E0432, E0433.
[INFO] [stdout] 
[INFO] [stdout] For more information about an error, try `rustc --explain E0152`.
[INFO] [stdout] 
[INFO] [stdout] error: cannot find macro `klee_make_symbolic` in this scope
[INFO] [stdout]   --> examples/struct.rs:17:5
[INFO] [stdout]    |
[INFO] [stdout] 17 |     klee_make_symbolic!(&mut a, "a");
[INFO] [stdout]    |     ^^^^^^^^^^^^^^^^^^
[INFO] [stdout] 
[INFO] [stdout] 
[INFO] [stderr] error: could not compile `klee-examples` (example "f401_ktest") due to 8 previous errors; 1 warning emitted
[INFO] [stdout] warning: unused import: `klee_sys::*`
[INFO] [stdout]  --> examples/struct.rs:6:5
[INFO] [stdout]   |
[INFO] [stdout] 6 | use klee_sys::*;
[INFO] [stdout]   |     ^^^^^^^^^^^
[INFO] [stdout]   |
[INFO] [stdout]   = note: `#[warn(unused_imports)]` on by default
[INFO] [stdout] 
[INFO] [stdout] 
[INFO] [stderr] error: could not compile `klee-examples` (example "klee_hybrid_test") due to 7 previous errors
[INFO] [stdout] error[E0152]: duplicate lang item in crate `panic_halt`: `panic_impl`.
[INFO] [stdout]   |
[INFO] [stdout]   = note: the lang item is first defined in crate `panic_klee` (which `r#struct` depends on)
[INFO] [stdout]   = note: first definition in `panic_klee` loaded from /opt/rustwide/target/debug/deps/libpanic_klee-56f6f3ef30450345.rmeta
[INFO] [stdout]   = note: second definition in `panic_halt` loaded from /opt/rustwide/target/debug/deps/libpanic_halt-7de5932f1495d0ee.rmeta
[INFO] [stdout] 
[INFO] [stdout] 
[INFO] [stderr] error: could not compile `klee-examples` (example "paths") due to 10 previous errors
[INFO] [stdout] error: aborting due to 2 previous errors; 1 warning emitted
[INFO] [stdout] 
[INFO] [stdout] 
[INFO] [stderr] error: could not compile `klee-examples` (example "cortex_m_rt_test2") due to 10 previous errors
[INFO] [stdout] For more information about this error, try `rustc --explain E0152`.
[INFO] [stdout] 
[INFO] [stderr] error: could not compile `klee-examples` (example "cortex_m_rt_test") due to 8 previous errors; 1 warning emitted
[INFO] [stderr] error: could not compile `klee-examples` (example "cortex_m_rt_test3") due to 22 previous errors
[INFO] [stderr] error: could not compile `klee-examples` (example "vcell_test") due to 5 previous errors
[INFO] [stderr] error: could not compile `klee-examples` (example "struct") due to 3 previous errors; 1 warning emitted
[INFO] running `Command { std: "docker" "inspect" "581aca489b53785907f5ca04044d672e90c8fb1c6568d414d68c106d4a6f678c", kill_on_drop: false }`
[INFO] running `Command { std: "docker" "rm" "-f" "581aca489b53785907f5ca04044d672e90c8fb1c6568d414d68c106d4a6f678c", kill_on_drop: false }`
[INFO] [stdout] 581aca489b53785907f5ca04044d672e90c8fb1c6568d414d68c106d4a6f678c
